est common divisor of 8 and 2726080?
8
What is the greatest common factor of 3186896 and 16?
16
What is the greatest common factor of 144419 and 209?
209
Calculate the highest common divisor of 2331 and 8029.
259
What is the highest common divisor of 1112 and 228238?
278
What is the greatest common factor of 174642 and 1833?
39
What is the greatest common factor of 1343560 and 200?
40
Calculate the greatest common divisor of 8725 and 8075.
25
What is the greatest common divisor of 94 and 82579?
47
Calculate the greatest common factor of 2 and 28214.
2
Calculate the greatest common factor of 1661 and 33371.
151
What is the greatest common divisor of 17592 and 294?
6
Calculate the greatest common factor of 34010 and 20330.
190
What is the highest common factor of 2499008 and 128?
64
What is the highest common divisor of 2164 and 5951?
541
Calculate the greatest common factor of 95399 and 19.
19
What is the greatest common divisor of 2403 and 1424?
89
What is the highest common factor of 3192 and 23484?
228
What is the greatest common factor of 250 and 1298625?
125
What is the greatest common divisor of 2346 and 24582?
102
Calculate the greatest common factor of 747 and 25587.
9
Calculate the greatest common divisor of 49751 and 91403.
1157
Calculate the greatest common divisor of 21554 and 130.
26
Calculate the highest common factor of 124974 and 9.
9
What is the greatest common divisor of 7442 and 8479?
61
Calculate the highest common factor of 447653 and 997.
997
What is the greatest common divisor of 3430 and 167384?
686
What is the greatest common divisor of 282 and 347142?
282
What is the greatest common divisor of 18745 and 3586?
163
What is the greatest common factor of 44 and 1257212?
44
Calculate the greatest common divisor of 42 and 242424.
42
What is the greatest common factor of 1008 and 97740?
36
What is the greatest common divisor of 42705 and 149760?
585
Calculate the highest common factor of 3024 and 1350.
54
What is the highest common factor of 18753 and 798?
399
What is the highest common factor of 140 and 27902?
14
What is the highest common divisor of 67128 and 6?
6
Calculate the greatest common factor of 27354 and 6862.
94
What is the highest common divisor of 10569 and 208?
13
What is the highest common factor of 22 and 34991?
11
Calculate the greatest common factor of 3025 and 10625.
25
What is the highest common divisor of 8652 and 1632?
12
What is the highest common divisor of 823548 and 300?
12
What is the greatest common factor of 518 and 666?
74
Calculate the highest common factor of 384 and 80736.
96
What is the greatest common divisor of 112 and 104?
8
What is the greatest common factor of 292 and 898265?
73
Calculate the highest common divisor of 44 and 1302092.
44
What is the highest common factor of 224 and 22862?
14
Calculate the highest common divisor of 10 and 99500.
10
Calculate the highest common factor of 886 and 6031888.
886
Calculate the highest common divisor of 5543 and 76397.
241
Calculate the highest common factor of 15 and 289785.
15
Calculate the highest common divisor of 30 and 65674.
2
What is the greatest common factor of 160 and 92352?
32
Calculate the greatest common divisor of 8800 and 6424.
88
What is the greatest common divisor of 33 and 46409?
11
Calculate the greatest common factor of 2369 and 2599.
23
What is the highest common factor of 1210 and 1411465?
605
Calculate the greatest common divisor of 350 and 53858.
14
Calculate the highest common divisor of 15712 and 5760.
32
What is the greatest common divisor of 20894 and 47854?
674
Calculate the highest common factor of 128547 and 972.
243
Calculate the greatest common factor of 128 and 171232.
32
What is the highest common divisor of 5136 and 1696?
16
Calculate the highest common divisor of 100 and 13690.
10
Calculate the greatest common factor of 119120 and 120.
40
Calculate the greatest common factor of 546 and 1652.
14
Calculate the greatest common divisor of 11 and 77099.
11
What is the highest common divisor of 590889 and 14595?
417
What is the greatest common factor of 242752 and 64?
64
Calculate the greatest common factor of 64815 and 435.
435
Calculate the greatest common factor of 217 and 24118.
31
What is the greatest common factor of 1325696 and 256?
128
What is the highest common divisor of 121710 and 1380?
30
Calculate the greatest common divisor of 3200 and 21925.
25
Calculate the highest common divisor of 108336 and 1739.
37
What is the highest common factor of 16 and 21544?
8
What is the highest common factor of 2635 and 9765?
155
What is the highest common divisor of 1146556 and 592?
148
Calculate the greatest common factor of 45190 and 50.
10
What is the highest common factor of 6313 and 6741?
107
Calculate the greatest common divisor of 224 and 76216.
56
Calculate the highest common factor of 4648 and 952.
56
What is the highest common divisor of 2565 and 544920?
285
Calculate the greatest common factor of 1911 and 6615.
147
Calculate the highest common divisor of 2295 and 2781.
27
Calculate the highest common factor of 1320 and 971586.
66
Calculate the highest common factor of 63 and 210336.
21
Calculate the highest common factor of 33 and 2664145.
11
Calculate the greatest common divisor of 975 and 7241.
13
Calculate the highest common divisor of 168 and 147336.
168
What is the greatest common divisor of 187428 and 16?
4
What is the highest common divisor of 33616 and 5730?
382
Calculate the greatest common divisor of 200970 and 5040.
630
Calculate the greatest common divisor of 102 and 14263.
17
What is the greatest common factor of 234557 and 815?
163
Calculate the highest common factor of 79566 and 55002.
534
What is the highest common divisor of 85 and 83708?
17
Calculate the greatest common factor of 900992 and 8.
8
What is the highest common factor of 139400 and 56?
8
What is the greatest common divisor of 21403 and 901?
17
What is the greatest common divisor of 15435 and 75?
15
What is the highest common divisor of 139575 and 300?
75
Calculate the highest common factor of 4346 and 265.
53
Calculate the greatest common divisor of 1067254 and 526.
526
What is the greatest common divisor of 197554 and 1096?
274
Calculate the highest common divisor of 400 and 9232.
16
What is the greatest common factor of 555 and 768231?
111
What is the highest common divisor of 2623 and 23485?
61
Calculate the highest common factor of 334812 and 24.
12
Calculate the highest common divisor of 16256 and 128.
128
Calculate the highest common factor of 70 and 9319625.
35
Calculate the greatest common factor of 4377204 and 117.
117
Calculate the highest common divisor of 6555 and 3519.
69
Calculate the greatest common divisor of 10795 and 32.
1
What is the highest common factor of 48113 and 611?
13
What is the highest common divisor of 18148 and 884?
52
What is the greatest common factor of 208 and 491478?
26
What is the greatest common divisor of 57 and 234897?
57
What is the greatest common divisor of 36 and 9120366?
18
What is the highest common factor of 15366 and 358146?
1182
What is the greatest common divisor of 25135 and 1149355?
2285
Calculate the highest common divisor of 136576 and 1056.
352
What is the highest common factor of 375256 and 56?
56
What is the greatest common factor of 34814 and 1854?
206
What is the greatest common factor of 272119 and 17?
17
What is the highest common divisor of 5596708 and 1118?
1118
What is the greatest common factor of 3536 and 7891?
13
What is the highest common factor of 102 and 1410?
6
Calculate the greatest common divisor of 961007 and 86.
43
What is the highest common divisor of 553 and 427469?
553
What is the highest common factor of 600 and 231960?
120
What is the highest common divisor of 923 and 21151?
13
What is the highest common factor of 158076 and 12?
12
Calculate the greatest common divisor of 251325 and 405.
45
What is the highest common factor of 25979 and 581?
83
What is the highest common divisor of 147936 and 2622?
138
What is the greatest common divisor of 55022 and 109142?
902
Calculate the greatest common divisor of 66108 and 1344.
84
Calculate the highest common factor of 32329 and 198.
11
What is the highest common divisor of 105 and 407505?
105
Calculate t